{"id":2248,"date":"2024-09-03T11:29:48","date_gmt":"2024-09-03T09:29:48","guid":{"rendered":"https:\/\/global-minded.nelio.cz\/?page_id=2248"},"modified":"2024-09-03T11:44:41","modified_gmt":"2024-09-03T09:44:41","slug":"__zapis-a-skolne-copy-3","status":"publish","type":"page","link":"https:\/\/global-minded.cz\/?page_id=2248","title":{"rendered":"Z\u00e1pis\/p\u0159estup na druh\u00fd stupe\u0148"},"content":{"rendered":"\t\t<div data-elementor-type=\"wp-page\" data-elementor-id=\"2248\" class=\"elementor elementor-2248\" data-elementor-post-type=\"page\">\n\t\t\t\t<div class=\"elementor-element elementor-element-4682feb text-block text-block-reverce pb-xs-50 pb-sm-60 pb-md-60 pb-lg-120 pt-0 e-flex e-con-boxed e-con e-parent\" data-id=\"4682feb\" data-element_type=\"container\" data-e-type=\"container\">\n\t\t\t\t\t<div class=\"e-con-inner\">\n\t\t\t\t<div class=\"elementor-element elementor-element-e1f2e96 elementor-widget elementor-widget-heading\" data-id=\"e1f2e96\" data-element_type=\"widget\" data-e-type=\"widget\" data-widget_type=\"heading.default\">\n\t\t\t\t<div class=\"elementor-widget-container\">\n\t\t\t\t\t<h2 class=\"elementor-heading-title elementor-size-default\">Chcete chodit na druh\u00fd stupe\u0148 Global Minded? Domluvte si s n\u00e1mi sch\u016fzku!<\/h2>\t\t\t\t<\/div>\n\t\t\t\t<\/div>\n\t\t\t\t<div class=\"elementor-element elementor-element-90c61d8 elementor-widget elementor-widget-text-editor\" data-id=\"90c61d8\" data-element_type=\"widget\" data-e-type=\"widget\" data-widget_type=\"text-editor.default\">\n\t\t\t\t<div class=\"elementor-widget-container\">\n\t\t\t\t\t\t\t\t\t<p>V\u00a0p\u0159\u00edpad\u011b, \u017ee m\u00e1te z\u00e1jem o z\u00e1pis Va\u0161eho d\u00edt\u011bte do druh\u00e9ho stupn\u011b Global Minded, kontaktujte n\u00e1s emailem <a href=\"mailto:info@global-minded.cz\">info@global-minded.cz<\/a> nebo telefonicky na +420 605 448 017. Ned\u00edlnou sou\u010d\u00e1st\u00ed procesu z\u00e1pisu je rozhovor veden\u00ed \u0161koly s\u00a0rodi\u010di, n\u00e1v\u0161t\u011bva a prohl\u00eddka prostor \u0161koly a zku\u0161ebn\u00ed dny \u017e\u00e1ka ve t\u0159\u00edd\u011b (v rozsahu 3-5 dn\u00ed), kam by byl p\u0159\u00edpadn\u011b za\u0159azen, a n\u00e1sledn\u00e1 spole\u010dn\u00e1 reflexe.<\/p>\t\t\t\t\t\t\t\t<\/div>\n\t\t\t\t<\/div>\n\t\t\t\t\t<\/div>\n\t\t\t\t<\/div>\n\t\t\t\t<\/div>\n\t\t","protected":false},"excerpt":{"rendered":"<p>Chcete chodit na druh\u00fd stupe\u0148 Global Minded? Domluvte si s n\u00e1mi sch\u016fzku! V\u00a0p\u0159\u00edpad\u011b, \u017ee m\u00e1te z\u00e1jem o z\u00e1pis Va\u0161eho d\u00edt\u011bte do druh\u00e9ho stupn\u011b Global Minded, kontaktujte n\u00e1s emailem info@global-minded.cz nebo [&hellip;]<\/p>\n","protected":false},"author":1,"featured_media":0,"parent":0,"menu_order":0,"comment_status":"closed","ping_status":"closed","template":"","meta":{"_acf_changed":false,"inline_featured_image":false,"footnotes":""},"class_list":["post-2248","page","type-page","status-publish","hentry"],"acf":[],"_links":{"self":[{"href":"https:\/\/global-minded.cz\/index.php?rest_route=\/wp\/v2\/pages\/2248","targetHints":{"allow":["GET"]}}],"collection":[{"href":"https:\/\/global-minded.cz\/index.php?rest_route=\/wp\/v2\/pages"}],"about":[{"href":"https:\/\/global-minded.cz\/index.php?rest_route=\/wp\/v2\/types\/page"}],"author":[{"embeddable":true,"href":"https:\/\/global-minded.cz\/index.php?rest_route=\/wp\/v2\/users\/1"}],"replies":[{"embeddable":true,"href":"https:\/\/global-minded.cz\/index.php?rest_route=%2Fwp%2Fv2%2Fcomments&post=2248"}],"version-history":[{"count":7,"href":"https:\/\/global-minded.cz\/index.php?rest_route=\/wp\/v2\/pages\/2248\/revisions"}],"predecessor-version":[{"id":2260,"href":"https:\/\/global-minded.cz\/index.php?rest_route=\/wp\/v2\/pages\/2248\/revisions\/2260"}],"wp:attachment":[{"href":"https:\/\/global-minded.cz\/index.php?rest_route=%2Fwp%2Fv2%2Fmedia&parent=2248"}],"curies":[{"name":"wp","href":"https:\/\/api.w.org\/{rel}","templated":true}]}}