{"id":2206,"date":"2024-09-03T10:47:18","date_gmt":"2024-09-03T08:47:18","guid":{"rendered":"https:\/\/global-minded.nelio.cz\/?page_id=2206"},"modified":"2024-09-16T09:28:57","modified_gmt":"2024-09-16T07:28:57","slug":"__zapis-a-skolne-copy","status":"publish","type":"page","link":"https:\/\/global-minded.cz\/?page_id=2206","title":{"rendered":"Z\u00e1pis do 1. t\u0159\u00eddy"},"content":{"rendered":"\t\t<div data-elementor-type=\"wp-page\" data-elementor-id=\"2206\" class=\"elementor elementor-2206\" data-elementor-post-type=\"page\">\n\t\t\t\t\t\t<section class=\"elementor-section elementor-top-section elementor-element elementor-element-d8d571e elementor-section-stretched elementor-section-full_width elementor-section-height-default elementor-section-height-default\" data-id=\"d8d571e\" data-element_type=\"section\" data-e-type=\"section\" data-settings=\"{&quot;stretch_section&quot;:&quot;section-stretched&quot;}\">\n\t\t\t\t\t\t<div class=\"elementor-container elementor-column-gap-no\">\n\t\t\t\t\t<div class=\"elementor-column elementor-col-100 elementor-top-column elementor-element elementor-element-0ef91b7\" data-id=\"0ef91b7\" data-element_type=\"column\" data-e-type=\"column\">\n\t\t\t<div class=\"elementor-widget-wrap elementor-element-populated\">\n\t\t\t\t\t\t<div class=\"elementor-element elementor-element-f34ede4 elementor-widget elementor-widget-about_us_three\" data-id=\"f34ede4\" data-element_type=\"widget\" data-e-type=\"widget\" data-widget_type=\"about_us_three.default\">\n\t\t\t\t<div class=\"elementor-widget-container\">\n\t\t\t\t\t        <!-- Begin text-block -->\r\n        <section class=\"text-block text-block-reverce pb-xs-50 pb-sm-60 pb-md-60 pb-lg-120 pt-0\">\r\n            <div class=\"container\">\r\n                <div class=\"row align-items-sm-center align-items-lg-start\">\r\n                    <div class=\"col-md-6\">\r\n                        <div class=\"block-header pt-0\">\r\n                            <p class=\"mb-xs-15 mb-lg-8\">\r\n                                Jak se k n\u00e1m m\u016f\u017eete zapsat?                            <\/p>\r\n                            <h2 class=\"mb-xs-25 mb-md-25\">\r\n                                <span>Krit\u00e9ria a pr\u016fb\u011bh z\u00e1pisu do 1. t\u0159\u00eddy:<\/span>                            <\/h2>\r\n                        <\/div>\r\n                        <b>1. Seznamte se, pros\u00edme, s d\u016fle\u017eit\u00fdmi informacemi <\/b>ohledn\u011b cel\u00e9ho procesu na n\u00e1sleduj\u00edc\u00edch \u0159\u00e1dc\u00edch. Pro jak\u00e9koli dopl\u0148uj\u00edc\u00ed dotazy \u010di informace se obra\u0165te na info@global-minded.cz nebo na telefon +420 605 448 017.\n<br><br>\n<b>2. Sezn\u00e1men\u00ed se se \u0161kolou a vzd\u011bl\u00e1vac\u00ed koncepc\u00ed. <\/b>P\u0159ed samotn\u00fdm z\u00e1pisem realizujeme individu\u00e1ln\u00ed sch\u016fzku s rodi\u010di. V r\u00e1mci t\u00e9to sch\u016fzky V\u00e1s sezn\u00e1m\u00edme s na\u0161\u00ed vzd\u011bl\u00e1vac\u00ed koncepc\u00ed, s metodikou a organizac\u00ed v\u00fduky i s celkov\u00fdm p\u0159\u00edstupem k d\u011btem a k jejich vzd\u011bl\u00e1v\u00e1n\u00ed. Probereme i Va\u0161e o\u010dek\u00e1v\u00e1n\u00ed a V\u00e1mi vn\u00edman\u00e9 vzd\u011bl\u00e1vac\u00ed pot\u0159eby a preference d\u00edt\u011bte. Je pro n\u00e1s d\u016fle\u017eit\u00e9, abychom si navz\u00e1jem rozum\u011bli. Sch\u016fzka zpravidla prob\u00edh\u00e1 osobn\u011b v budov\u011b \u0161koly v dopoledn\u00edch hodin\u00e1ch za \u00fa\u010dasti obou z\u00e1konn\u00fdch z\u00e1stupc\u016f d\u00edt\u011bte. Sch\u016fzky s rodi\u010di prob\u00edhaj\u00ed v obdob\u00ed leden \u2013 b\u0159ezen.\n<br><br>\n                    <\/div>\r\n                    <div class=\"col-md-6\">\r\n                        <div class=\"svg-block video-block\">\r\n                            <img decoding=\"async\" src=\"https:\/\/global-minded.cz\/wp-content\/themes\/childit\/assets\/img\/lazy.png\" class=\"video-prev lazy\" data-src=\"https:\/\/global-minded.cz\/wp-content\/uploads\/2019\/09\/education-big.png\" alt=\"\">\r\n                        <\/div>\r\n                    <\/div>\r\n                <\/div>\r\n            <\/div>\r\n        <\/section>\r\n        \t\t\t\t<\/div>\n\t\t\t\t<\/div>\n\t\t\t\t\t<\/div>\n\t\t<\/div>\n\t\t\t\t\t<\/div>\n\t\t<\/section>\n\t\t<div class=\"elementor-element elementor-element-d93be6c e-flex e-con-boxed e-con e-parent\" data-id=\"d93be6c\" data-element_type=\"container\" data-e-type=\"container\">\n\t\t\t\t\t<div class=\"e-con-inner\">\n\t\t\t\t<div class=\"elementor-element elementor-element-9a4f9c2 elementor-widget elementor-widget-text-editor\" data-id=\"9a4f9c2\" data-element_type=\"widget\" data-e-type=\"widget\" data-widget_type=\"text-editor.default\">\n\t\t\t\t<div class=\"elementor-widget-container\">\n\t\t\t\t\t\t\t\t\t<b>3. P\u0159ij\u00edmac\u00ed \u0159\u00edzen\u00ed do 1. t\u0159\u00eddy z\u00e1kladn\u00ed \u0161koly Global Minded m\u00e1 dv\u011b \u010d\u00e1sti \u2013 \u010d\u00e1st motiva\u010dn\u00ed a \u010d\u00e1st form\u00e1ln\u00ed<\/b>\n<br><br>\nMotiva\u010dn\u00ed \u010d\u00e1st z\u00e1pisu\n<br><br>\nProb\u00edh\u00e1 formou individu\u00e1ln\u00edho rozhovoru d\u00edt\u011bte s jeho budouc\u00edmi u\u010diteli (typicky budouc\u00ed t\u0159\u00eddn\u00ed u\u010ditel a jeho tandemov\u00fd kolega \u2013 rodil\u00fd mluv\u010d\u00ed angli\u010dtiny). V r\u00e1mci rozhovoru s d\u00edt\u011btem u\u010ditel\u00e9 orienta\u010dn\u011b ov\u011b\u0159uj\u00ed stupe\u0148 jeho \u0161koln\u00ed p\u0159ipravenosti, \u00farove\u0148 jeho jazykov\u00e9 vybavenosti vzhledem k roz\u0161\u00ed\u0159en\u00e9 v\u00fduce angli\u010dtiny, vyjad\u0159ovac\u00ed schopnosti, smyslov\u00e9 vn\u00edm\u00e1n\u00ed, grafomotoriku a p\u0159edmatematick\u00e9 p\u0159edstavy.\n<br><br>\nForm\u00e1ln\u00ed \u010d\u00e1st z\u00e1pisu\n<br><br>\nV r\u00e1mci z\u00e1pisu je t\u0159eba vyplnit \u017d\u00c1DOST O Z\u00c1PIS DO 1.RO\u010cN\u00cdKU. \u017d\u00e1dost je mo\u017en\u00e9 doru\u010dit \u0161kole n\u00e1sleduj\u00edc\u00edmi zp\u016fsoby:\n<br><br>\no   Emailem s uzn\u00e1van\u00fdm elektronick\u00fdm podpisem nebo\n<br><br>\no   Datovou schr\u00e1nkou 6tazywv nebo\n<br><br>\no   Osobn\u011b v budov\u011b \u0161koly \u010di do jej\u00ed po\u0161tovn\u00ed schr\u00e1nky nebo\n<br><br>\no   Po\u0161tou\n<br><br>\n<b>4. Krit\u00e9ria p\u0159ij\u00edm\u00e1n\u00ed \u017e\u00e1k\u016f do 1. t\u0159\u00eddy:<\/b>\n<br><br>\n\u00b7       P\u0159ednostn\u011b p\u0159ij\u00edm\u00e1me d\u011bti, kter\u00e9 maj\u00ed ve \u0161kole star\u0161\u00edho sourozence, a to z d\u016fvodu posilov\u00e1n\u00ed sourozeneck\u00fdch vazeb a sla\u010fov\u00e1n\u00ed rodinn\u00e9ho a pracovn\u00edho \u017eivota rodi\u010d\u016f. (V r\u00e1mci z\u00e1pisu je mo\u017en\u00e9 z\u00edskat 3 body za toto krit\u00e9rium.)\n<br><br>\n\u00b7       D\u00e1le p\u0159ednostn\u011b p\u0159ij\u00edm\u00e1me d\u011bti z M\u0160 Global Minded, nebo\u0165 na sebe se \u0161kolou vz\u00e1jemn\u011b koncep\u010dn\u011b a hodnotov\u011b navazuj\u00ed, poskytuj\u00ed d\u011btem stejnou m\u00edru individu\u00e1ln\u00ed p\u00e9\u010de a podpory a sd\u00edl\u00ed stejn\u00e9 p\u0159\u00edstupy a vzd\u011bl\u00e1vac\u00ed v\u00fdchodiska. (V r\u00e1mci z\u00e1pisu je mo\u017en\u00e9 z\u00edskat 2 body za toto krit\u00e9rium.)\n<br><br>\n\u00b7       Z\u00e1konn\u00ed z\u00e1stupci znaj\u00ed a sd\u00edlej\u00ed vizi a hodnoty na\u0161\u00ed \u0161koly (se kter\u00fdmi se ji\u017e d\u0159\u00edve sezn\u00e1mili) \u2013 sd\u00edlen\u00ed alternativn\u00edho p\u0159\u00edstupu \u0161koly ze strany rodi\u010d\u016f. (V r\u00e1mci z\u00e1pisu je mo\u017en\u00e9 z\u00edskat 1 bod za toto krit\u00e9rium.)\n<br><br>\nD\u011bti p\u0159ij\u00edm\u00e1me v po\u0159ad\u00ed dle po\u010dtu dosa\u017een\u00fdch bod\u016f.\n<br><br>\nKapacita prvn\u00edho ro\u010dn\u00edku Global Minded Z\u0160 je 10 d\u011bt\u00ed.\n<br><br>\n<b>5. Rozhodnut\u00ed o p\u0159ijet\u00ed<\/b>\n<br><br>\nP\u0159ijat\u00ed uchaze\u010di obdr\u017e\u00ed potvrzen\u00ed o p\u0159ijet\u00ed nejpozd\u011bji do 30. 5. 2025 s n\u00e1sledn\u00fdm podpisem smlouvy o vzd\u011bl\u00e1v\u00e1n\u00ed.\n<br><br>\nNep\u0159ijat\u00e9 uchaze\u010de informujeme p\u00edsemn\u011b nejpozd\u011bji do 30. 5. 2025.\t\t\t\t\t\t\t\t<\/div>\n\t\t\t\t<\/div>\n\t\t\t\t\t<\/div>\n\t\t\t\t<\/div>\n\t\t\t\t<\/div>\n\t\t","protected":false},"excerpt":{"rendered":"<p>Jak se k n\u00e1m m\u016f\u017eete zapsat? Krit\u00e9ria a pr\u016fb\u011bh z\u00e1pisu do 1. t\u0159\u00eddy: 1. Seznamte se, pros\u00edme, s d\u016fle\u017eit\u00fdmi informacemi ohledn\u011b cel\u00e9ho procesu na n\u00e1sleduj\u00edc\u00edch \u0159\u00e1dc\u00edch. Pro jak\u00e9koli dopl\u0148uj\u00edc\u00ed dotazy [&hellip;]<\/p>\n","protected":false},"author":1,"featured_media":0,"parent":0,"menu_order":0,"comment_status":"closed","ping_status":"closed","template":"elementor_theme","meta":{"_acf_changed":false,"inline_featured_image":false,"footnotes":""},"class_list":["post-2206","page","type-page","status-publish","hentry"],"acf":[],"_links":{"self":[{"href":"https:\/\/global-minded.cz\/index.php?rest_route=\/wp\/v2\/pages\/2206","targetHints":{"allow":["GET"]}}],"collection":[{"href":"https:\/\/global-minded.cz\/index.php?rest_route=\/wp\/v2\/pages"}],"about":[{"href":"https:\/\/global-minded.cz\/index.php?rest_route=\/wp\/v2\/types\/page"}],"author":[{"embeddable":true,"href":"https:\/\/global-minded.cz\/index.php?rest_route=\/wp\/v2\/users\/1"}],"replies":[{"embeddable":true,"href":"https:\/\/global-minded.cz\/index.php?rest_route=%2Fwp%2Fv2%2Fcomments&post=2206"}],"version-history":[{"count":23,"href":"https:\/\/global-minded.cz\/index.php?rest_route=\/wp\/v2\/pages\/2206\/revisions"}],"predecessor-version":[{"id":2504,"href":"https:\/\/global-minded.cz\/index.php?rest_route=\/wp\/v2\/pages\/2206\/revisions\/2504"}],"wp:attachment":[{"href":"https:\/\/global-minded.cz\/index.php?rest_route=%2Fwp%2Fv2%2Fmedia&parent=2206"}],"curies":[{"name":"wp","href":"https:\/\/api.w.org\/{rel}","templated":true}]}}