{"id":2106,"date":"2024-07-16T11:14:25","date_gmt":"2024-07-16T09:14:25","guid":{"rendered":"https:\/\/global-minded.nelio.cz\/?page_id=2106"},"modified":"2024-09-14T11:41:21","modified_gmt":"2024-09-14T09:41:21","slug":"absolventi","status":"publish","type":"page","link":"https:\/\/global-minded.cz\/?page_id=2106","title":{"rendered":"Absolventi"},"content":{"rendered":"\t\t<div data-elementor-type=\"wp-page\" data-elementor-id=\"2106\" class=\"elementor elementor-2106\" data-elementor-post-type=\"page\">\n\t\t\t\t\t\t<section class=\"elementor-section elementor-top-section elementor-element elementor-element-c2b2f2f elementor-section-stretched elementor-section-boxed elementor-section-height-default elementor-section-height-default\" data-id=\"c2b2f2f\" data-element_type=\"section\" data-e-type=\"section\" data-settings=\"{&quot;stretch_section&quot;:&quot;section-stretched&quot;}\">\n\t\t\t\t\t\t<div class=\"elementor-container elementor-column-gap-no\">\n\t\t\t\t\t<div class=\"elementor-column elementor-col-100 elementor-top-column elementor-element elementor-element-e367f26\" data-id=\"e367f26\" data-element_type=\"column\" data-e-type=\"column\">\n\t\t\t<div class=\"elementor-widget-wrap elementor-element-populated\">\n\t\t\t\t\t\t<div class=\"elementor-element elementor-element-a6d4e24 elementor-widget elementor-widget-html\" data-id=\"a6d4e24\" data-element_type=\"widget\" data-e-type=\"widget\" data-widget_type=\"html.default\">\n\t\t\t\t<div class=\"elementor-widget-container\">\n\t\t\t\t\t<div class=\"section-header mb-xs-30 mb-md-31\">\n<p class=\"h-sub\">\n<\/p><h2>Na\u0161i absolventi\n\n<\/h2>\n<\/div>\t\t\t\t<\/div>\n\t\t\t\t<\/div>\n\t\t\t\t<div class=\"elementor-element elementor-element-be48b26 elementor-widget elementor-widget-text-editor\" data-id=\"be48b26\" data-element_type=\"widget\" data-e-type=\"widget\" data-widget_type=\"text-editor.default\">\n\t\t\t\t<div class=\"elementor-widget-container\">\n\t\t\t\t\t\t\t\t\t<p class=\"has-text-align-left\">Na\u0161i absolventi jsou <strong>v\u00fdjime\u010dn\u00ed<\/strong>. V\u011bt\u0161inu d\u011bt\u00ed zn\u00e1me u\u017e z\u00a0na\u0161\u00ed \u0161kolky <strong><a href=\"https:\/\/tetty.cz\/\">Tetty<\/a><\/strong>, jejich v\u00fdvoj <strong>pe\u010dliv\u011b<\/strong> sledujeme a spolu s\u00a0<strong>v\u00e1mi<\/strong> je neust\u00e1le podporujeme v\u00a0jejich r\u016fstu. P\u0159ed otev\u0159en\u00edm druh\u00e9ho stupn\u011b na\u0161\u00ed \u0161koly <a href=\"https:\/\/global-minded.cz\/prvni-stupen\/\"><strong>Global Minded<\/strong><\/a> odch\u00e1zely d\u011bti po dokon\u010den\u00ed 5. t\u0159\u00eddy na osmilet\u00e1 gymn\u00e1zia.<\/p><p class=\"has-text-align-left\">Nejobl\u00edben\u011bj\u0161\u00edmi gymn\u00e1zii, kam na\u0161i absolventi odch\u00e1zej\u00ed, jsou<\/p><p>\ud83d\udd05 Gymn\u00e1zium Evolution<\/p><p>\ud83d\udd05 Nov\u00fd PORG<\/p><p>\ud83d\udd05 PORG Libe\u0148<\/p><p>\ud83d\udd05 Duhovka<\/p><p>\ud83d\udd05 Nad Alej\u00ed<\/p><p>\ud83d\udd05 MENSA gymn\u00e1zium<\/p><p>\ud83d\udd05 Gymn\u00e1zium Jana Keplera<\/p><p class=\"has-text-align-left\">V\u00edme, \u017ee d\u011bti od n\u00e1s b\u011b\u017en\u011b p\u0159estupuj\u00ed na <strong>presti\u017en\u00ed<\/strong> mezin\u00e1rodn\u00ed \u0161koly v\u00a0zahrani\u010d\u00ed, a velmi dob\u0159e nach\u00e1z\u00ed uplatn\u011bn\u00ed i na t\u011bch <strong>nejlep\u0161\u00edch\u00a0<\/strong>\u0161kol\u00e1ch v\u00a0\u010cR. Rozhodnut\u00ed otev\u0159\u00edt druh\u00fd stupe\u0148 na\u0161\u00ed z\u00e1kladky pak pro mnoho rodin znamen\u00e1, \u017ee mohou pokra\u010dovat s\u00a0n\u00e1mi.<\/p><p class=\"has-text-align-left\">D\u011btem a rodi\u010d\u016fm <strong>individu\u00e1ln\u011b<\/strong> rad\u00edme p\u0159i v\u00fdb\u011bru dal\u0161\u00edho sm\u011b\u0159ov\u00e1n\u00ed a spole\u010dn\u011b hled\u00e1me tu nejlep\u0161\u00ed mo\u017enou cestu za <strong>vzd\u011bl\u00e1n\u00edm<\/strong>. To v\u0161e s\u00a0ohledem na jejich siln\u00e9 str\u00e1nky, talenty, preference a mo\u017enosti. Ka\u017ed\u00e9ho absolventa sledujeme a r\u00e1di se s\u00a0nimi setk\u00e1v\u00e1me. O ka\u017ed\u00e9m z nich v\u00e1m um\u00edme vypr\u00e1v\u011bt jeho <strong>p\u0159\u00edb\u011bh<\/strong> a na ka\u017ed\u00e9ho z\u00a0nich jsme <strong>hrd\u00ed<\/strong>.<\/p>\t\t\t\t\t\t\t\t<\/div>\n\t\t\t\t<\/div>\n\t\t\t\t\t<\/div>\n\t\t<\/div>\n\t\t\t\t\t<\/div>\n\t\t<\/section>\n\t\t\t\t<\/div>\n\t\t","protected":false},"excerpt":{"rendered":"<p>Na\u0161i absolventi Na\u0161i absolventi jsou v\u00fdjime\u010dn\u00ed. V\u011bt\u0161inu d\u011bt\u00ed zn\u00e1me u\u017e z\u00a0na\u0161\u00ed \u0161kolky Tetty, jejich v\u00fdvoj pe\u010dliv\u011b sledujeme a spolu s\u00a0v\u00e1mi je neust\u00e1le podporujeme v\u00a0jejich r\u016fstu. P\u0159ed otev\u0159en\u00edm druh\u00e9ho stupn\u011b na\u0161\u00ed [&hellip;]<\/p>\n","protected":false},"author":1,"featured_media":0,"parent":0,"menu_order":0,"comment_status":"closed","ping_status":"closed","template":"","meta":{"_acf_changed":false,"inline_featured_image":false,"footnotes":""},"class_list":["post-2106","page","type-page","status-publish","hentry"],"acf":[],"_links":{"self":[{"href":"https:\/\/global-minded.cz\/index.php?rest_route=\/wp\/v2\/pages\/2106","targetHints":{"allow":["GET"]}}],"collection":[{"href":"https:\/\/global-minded.cz\/index.php?rest_route=\/wp\/v2\/pages"}],"about":[{"href":"https:\/\/global-minded.cz\/index.php?rest_route=\/wp\/v2\/types\/page"}],"author":[{"embeddable":true,"href":"https:\/\/global-minded.cz\/index.php?rest_route=\/wp\/v2\/users\/1"}],"replies":[{"embeddable":true,"href":"https:\/\/global-minded.cz\/index.php?rest_route=%2Fwp%2Fv2%2Fcomments&post=2106"}],"version-history":[{"count":17,"href":"https:\/\/global-minded.cz\/index.php?rest_route=\/wp\/v2\/pages\/2106\/revisions"}],"predecessor-version":[{"id":3041,"href":"https:\/\/global-minded.cz\/index.php?rest_route=\/wp\/v2\/pages\/2106\/revisions\/3041"}],"wp:attachment":[{"href":"https:\/\/global-minded.cz\/index.php?rest_route=%2Fwp%2Fv2%2Fmedia&parent=2106"}],"curies":[{"name":"wp","href":"https:\/\/api.w.org\/{rel}","templated":true}]}}