{"id":2093,"date":"2024-07-16T11:01:09","date_gmt":"2024-07-16T09:01:09","guid":{"rendered":"https:\/\/global-minded.nelio.cz\/?page_id=2093"},"modified":"2026-01-13T14:59:03","modified_gmt":"2026-01-13T13:59:03","slug":"pomahame-protoze-i-diky-vam-muzemesponzoring-a-dary","status":"publish","type":"page","link":"https:\/\/global-minded.cz\/?page_id=2093","title":{"rendered":"Sponzoring a dary"},"content":{"rendered":"\t\t<div data-elementor-type=\"wp-page\" data-elementor-id=\"2093\" class=\"elementor elementor-2093\" data-elementor-post-type=\"page\">\n\t\t\t\t<div class=\"elementor-element elementor-element-32018c7 e-flex e-con-boxed e-con e-parent\" data-id=\"32018c7\" data-element_type=\"container\" data-e-type=\"container\">\n\t\t\t\t\t<div class=\"e-con-inner\">\n\t\t\t\t<div class=\"elementor-element elementor-element-3df654d elementor-widget elementor-widget-heading\" data-id=\"3df654d\" data-element_type=\"widget\" data-e-type=\"widget\" data-widget_type=\"heading.default\">\n\t\t\t\t<div class=\"elementor-widget-container\">\n\t\t\t\t\t<h2 class=\"elementor-heading-title elementor-size-default\">Pom\u00e1h\u00e1me, proto\u017ee i d\u00edky v\u00e1m m\u016f\u017eeme\u200b<\/h2>\t\t\t\t<\/div>\n\t\t\t\t<\/div>\n\t\t\t\t<div class=\"elementor-element elementor-element-f3211f8 elementor-widget elementor-widget-text-editor\" data-id=\"f3211f8\" data-element_type=\"widget\" data-e-type=\"widget\" data-widget_type=\"text-editor.default\">\n\t\t\t\t<div class=\"elementor-widget-container\">\n\t\t\t\t\t\t\t\t\t<p>Pro rodi\u010de, kte\u0159\u00ed cht\u011bj\u00ed poslat sv\u00e9 d\u00edt\u011b pr\u00e1v\u011b do na\u0161\u00ed \u0161koly, chceme b\u00fdt transparentn\u00ed a rovn\u00ed. Zakl\u00e1d\u00e1me si na tom.<\/p><p>Proto zde najdete dota\u010dn\u00ed programy, kter\u00e9 n\u00e1m pom\u00e1haj\u00ed budovat tu nejlep\u0161\u00ed \u0161kolu a z\u00e1zem\u00ed pro va\u0161e d\u011bti. Tak\u00e9 tady m\u016f\u017eete vid\u011bt seznam charitativn\u00edch projekt\u016f, na kter\u00e9 s radost\u00ed v srdci p\u0159isp\u00edv\u00e1me my. A to i z\u00e1sluhou rodi\u010d\u016f, jejich\u017e d\u011bti k n\u00e1m chod\u00ed. Nechceme se vytahovat. Mnoho organizac\u00ed, kam jako man\u017eel\u00e9 spole\u010dn\u011b p\u0159isp\u00edv\u00e1me, Global Minded na str\u00e1nk\u00e1ch ani nem\u00e1. D\u011bl\u00e1me to, proto\u017ee m\u016f\u017eeme, a pom\u00e1hat ostatn\u00edm je pro n\u00e1s p\u0159irozen\u00e9.<\/p><p>Pova\u017eujeme za d\u016fle\u017eit\u00e9 ty z\u00e1sadn\u00ed projekty zm\u00ednit u\u017e jen kv\u016fli tomu, abyste se ujistili, \u017ee s n\u00e1mi souzn\u00edte i v t\u00e9to rovin\u011b. Tak\u00e9 sponzorskou \u010d\u00e1st vn\u00edm\u00e1me jako skv\u011blou p\u0159\u00edle\u017eitost v\u00e1m jednotliv\u00e9 projekty p\u0159edstavit a d\u00e1t v\u00e1m tak t\u0159eba mo\u017enost pomoci, i kdybyste na na\u0161ich str\u00e1nk\u00e1ch byli opravdu jen n\u00e1hodou. Za ka\u017edou z organizac\u00ed o to pros\u00edme, a z\u00e1rove\u0148, d\u011bkujeme.<\/p>\t\t\t\t\t\t\t\t<\/div>\n\t\t\t\t<\/div>\n\t\t\t\t<div class=\"elementor-element elementor-element-b998e04 elementor-tabs-view-vertical elementor-widget elementor-widget-tabs\" data-id=\"b998e04\" data-element_type=\"widget\" data-e-type=\"widget\" data-widget_type=\"tabs.default\">\n\t\t\t\t<div class=\"elementor-widget-container\">\n\t\t\t\t\t\t\t<div class=\"elementor-tabs\">\n\t\t\t<div class=\"elementor-tabs-wrapper\" role=\"tablist\" >\n\t\t\t\t\t\t\t\t\t<div id=\"elementor-tab-title-1941\" class=\"elementor-tab-title elementor-tab-desktop-title\" aria-selected=\"true\" data-tab=\"1\" role=\"tab\" tabindex=\"0\" aria-controls=\"elementor-tab-content-1941\" aria-expanded=\"false\">Cesta dom\u016f<\/div>\n\t\t\t\t\t\t\t\t\t<div id=\"elementor-tab-title-1942\" class=\"elementor-tab-title elementor-tab-desktop-title\" aria-selected=\"false\" data-tab=\"2\" role=\"tab\" tabindex=\"-1\" aria-controls=\"elementor-tab-content-1942\" aria-expanded=\"false\">Nadace Dobr\u00fd and\u011bl<\/div>\n\t\t\t\t\t\t\t\t\t<div id=\"elementor-tab-title-1943\" class=\"elementor-tab-title elementor-tab-desktop-title\" aria-selected=\"false\" data-tab=\"3\" role=\"tab\" tabindex=\"-1\" aria-controls=\"elementor-tab-content-1943\" aria-expanded=\"false\">Fandi m\u00e1m\u00e1m<\/div>\n\t\t\t\t\t\t\t\t\t<div id=\"elementor-tab-title-1944\" class=\"elementor-tab-title elementor-tab-desktop-title\" aria-selected=\"false\" data-tab=\"4\" role=\"tab\" tabindex=\"-1\" aria-controls=\"elementor-tab-content-1944\" aria-expanded=\"false\">D\u016fm t\u0159\u00ed p\u0159\u00e1n\u00ed<\/div>\n\t\t\t\t\t\t\t\t\t<div id=\"elementor-tab-title-1945\" class=\"elementor-tab-title elementor-tab-desktop-title\" aria-selected=\"false\" data-tab=\"5\" role=\"tab\" tabindex=\"-1\" aria-controls=\"elementor-tab-content-1945\" aria-expanded=\"false\">\u010clov\u011bk v t\u00edsni<\/div>\n\t\t\t\t\t\t\t\t\t<div id=\"elementor-tab-title-1946\" class=\"elementor-tab-title elementor-tab-desktop-title\" aria-selected=\"false\" data-tab=\"6\" role=\"tab\" tabindex=\"-1\" aria-controls=\"elementor-tab-content-1946\" aria-expanded=\"false\">Kolib\u0159\u00edci pom\u00e1haj\u00ed<\/div>\n\t\t\t\t\t\t\t<\/div>\n\t\t\t<div class=\"elementor-tabs-content-wrapper\" role=\"tablist\" aria-orientation=\"vertical\">\n\t\t\t\t\t\t\t\t\t<div class=\"elementor-tab-title elementor-tab-mobile-title\" aria-selected=\"true\" data-tab=\"1\" role=\"tab\" tabindex=\"0\" aria-controls=\"elementor-tab-content-1941\" aria-expanded=\"false\">Cesta dom\u016f<\/div>\n\t\t\t\t\t<div id=\"elementor-tab-content-1941\" class=\"elementor-tab-content elementor-clearfix\" data-tab=\"1\" role=\"tabpanel\" aria-labelledby=\"elementor-tab-title-1941\" tabindex=\"0\" hidden=\"false\"><p>Zn\u00e1te? Jestli ne, pat\u0159\u00edte k\u00a0t\u011bm \u0161\u0165astn\u00fdm, kte\u0159\u00ed jejich slu\u017eby zat\u00edm vyu\u017e\u00edt nemuseli. Jde o organizaci, kter\u00e1 m\u00e1 za c\u00edl doprov\u00e1zet jedince na sklonku jejich \u017eivot\u016f a prov\u00e9st t\u00edmto slo\u017eit\u00fdm obdob\u00edm i jejich <strong>nejbli\u017e\u0161\u00ed<\/strong>. Nesm\u00edrn\u011b z\u00e1slu\u017en\u00e1 pr\u00e1ce. Cest\u011b dom\u016f p\u0159isp\u00edv\u00e1me na provoz, na vyd\u00e1v\u00e1n\u00ed knih s\u00a0t\u00e9matikou smrti atd. Spolupracujeme u\u017e roky. M\u00e1me tak\u00e9 rozs\u00e1hlou sekci knihovny s\u00a0t\u011bmito okruhy v\u00a0r\u016fzn\u00fdch podob\u00e1ch. D\u00edky za to pr\u00e1v\u011b Cest\u011b dom\u016f.<\/p><\/div>\n\t\t\t\t\t\t\t\t\t<div class=\"elementor-tab-title elementor-tab-mobile-title\" aria-selected=\"false\" data-tab=\"2\" role=\"tab\" tabindex=\"-1\" aria-controls=\"elementor-tab-content-1942\" aria-expanded=\"false\">Nadace Dobr\u00fd and\u011bl<\/div>\n\t\t\t\t\t<div id=\"elementor-tab-content-1942\" class=\"elementor-tab-content elementor-clearfix\" data-tab=\"2\" role=\"tabpanel\" aria-labelledby=\"elementor-tab-title-1942\" tabindex=\"0\" hidden=\"hidden\"><p>U\u017e od vzniku organizace v roce 2012 jsme jedn\u00edm z hrd\u00fdch, dnes ji\u017e t\u00e9m\u011b\u0159 150 tis\u00edc, pravideln\u00fdch <strong>d\u00e1rc\u016f<\/strong>. Zakladatel\u016fm nadace se hluboce klan\u00edme, v\u00a0mnoha v\u011bcech s\u00a0nimi <strong>souzn\u00edme<\/strong> a <strong>radujeme<\/strong> se z\u00a0toho, kolik lid\u00ed p\u0159isp\u00edv\u00e1 pr\u00e1v\u011b skrze Dobr\u00e9ho and\u011bla. V\u00edme, \u017ee ka\u017ed\u00e1 na\u0161e koruna zde n\u011bkomu <strong>pom\u00e1h\u00e1<\/strong>.<\/p><\/div>\n\t\t\t\t\t\t\t\t\t<div class=\"elementor-tab-title elementor-tab-mobile-title\" aria-selected=\"false\" data-tab=\"3\" role=\"tab\" tabindex=\"-1\" aria-controls=\"elementor-tab-content-1943\" aria-expanded=\"false\">Fandi m\u00e1m\u00e1m<\/div>\n\t\t\t\t\t<div id=\"elementor-tab-content-1943\" class=\"elementor-tab-content elementor-clearfix\" data-tab=\"3\" role=\"tabpanel\" aria-labelledby=\"elementor-tab-title-1943\" tabindex=\"0\" hidden=\"hidden\"><p>Proto\u017ee <strong>m\u00e1ma<\/strong> je jen jedna, a proto\u017ee ne v\u017edy to m\u00e1 jednoduch\u00e9. A proto\u017ee ka\u017ed\u00e1 m\u00e1ma chce pro jej\u00ed d\u011bti to <strong>nejlep\u0161\u00ed<\/strong>, stejn\u011b jako my. Jako maminka tohle t\u00e9ma velmi intenzivn\u011b <strong>vn\u00edm\u00e1m<\/strong> a siln\u011b se mnou <strong>rezonuje<\/strong>. Spolupracujeme, podporujeme pravideln\u011b konkr\u00e9tn\u00ed maminky a d\u011bti, kupujeme i merch, kter\u00fd vyu\u017e\u00edv\u00e1me k\u00a0\u0161\u00ed\u0159en\u00ed pov\u011bdom\u00ed o tomto projektu a obdarov\u00e1v\u00e1me j\u00edm na\u0161e spolupracovn\u00edky, dodavatele i klienty\u2026<\/p><\/div>\n\t\t\t\t\t\t\t\t\t<div class=\"elementor-tab-title elementor-tab-mobile-title\" aria-selected=\"false\" data-tab=\"4\" role=\"tab\" tabindex=\"-1\" aria-controls=\"elementor-tab-content-1944\" aria-expanded=\"false\">D\u016fm t\u0159\u00ed p\u0159\u00e1n\u00ed<\/div>\n\t\t\t\t\t<div id=\"elementor-tab-content-1944\" class=\"elementor-tab-content elementor-clearfix\" data-tab=\"4\" role=\"tabpanel\" aria-labelledby=\"elementor-tab-title-1944\" tabindex=\"0\" hidden=\"hidden\"><p>D\u011bti, rodi\u010de a rodiny v\u00a0pot\u00ed\u017e\u00edch maj\u00ed pr\u00e1v\u011b zde <strong>\u00fato\u010di\u0161t\u011b<\/strong> a z\u00e1ruku, \u017ee se jim dostane <strong>pomoci<\/strong>. A to na m\u00edst\u011b, v\u00a0ter\u00e9nu, nebo i v\u00a0r\u00e1mci pobytov\u00e9 slu\u017eby. Posledn\u00ed skv\u011bl\u00fd po\u010din? Otev\u0159en\u00ed Centra du\u0161evn\u00edho <strong>zdrav\u00ed<\/strong> pro d\u011bti a ml\u00e1de\u017e z\u00a0Prahy.<\/p><\/div>\n\t\t\t\t\t\t\t\t\t<div class=\"elementor-tab-title elementor-tab-mobile-title\" aria-selected=\"false\" data-tab=\"5\" role=\"tab\" tabindex=\"-1\" aria-controls=\"elementor-tab-content-1945\" aria-expanded=\"false\">\u010clov\u011bk v t\u00edsni<\/div>\n\t\t\t\t\t<div id=\"elementor-tab-content-1945\" class=\"elementor-tab-content elementor-clearfix\" data-tab=\"5\" role=\"tabpanel\" aria-labelledby=\"elementor-tab-title-1945\" tabindex=\"0\" hidden=\"hidden\"><p>Organizace a sm\u011br, kter\u00fdm p\u016fjdeme, si <strong>vyb\u00edr\u00e1me<\/strong>. Nejrad\u011bji m\u00e1me ty, kter\u00e9 vedou k\u00a0<strong>nez\u00e1vislosti<\/strong> rodin a d\u011bt\u00ed na dal\u0161\u00ed a dal\u0161\u00ed pomoci. Nakupujeme zde i d\u00e1rky v\u00a0r\u00e1mci projektu Skute\u010dn\u00fd d\u00e1rek. Co takhle kozu, slepici nebo t\u0159eba tabuli?\u00a0Jak je libo\u2026<\/p><p>\u2026 a potom v\u0161ichni ti, co se na n\u00e1s ob\u010das s\u00a0prosbou o pomoc obr\u00e1t\u00ed. <strong>M\u011bn\u00edme<\/strong> \u017eivoty. Nejen v\u00a0oblasti vzd\u011bl\u00e1v\u00e1n\u00ed. P\u0159isp\u00edv\u00e1me tak\u00e9 na bionick\u00e9 kon\u010detiny, rovn\u00e1tka, br\u00fdle, nebo \u0159idi\u010d\u00e1ky pro d\u011bti z\u00a0d\u011btsk\u00fdch domov\u016f. Pom\u00e1h\u00e1me r\u00e1di, m\u00e1 to smysl a naprosto konkr\u00e9tn\u00ed <strong>v\u00fdsledky<\/strong>. Znovu tak d\u011bkujeme i <strong>v\u00e1m<\/strong>, \u017ee v\u00a0tom jste s\u00a0n\u00e1mi.\u00a0<\/p><\/div>\n\t\t\t\t\t\t\t\t\t<div class=\"elementor-tab-title elementor-tab-mobile-title\" aria-selected=\"false\" data-tab=\"6\" role=\"tab\" tabindex=\"-1\" aria-controls=\"elementor-tab-content-1946\" aria-expanded=\"false\">Kolib\u0159\u00edci pom\u00e1haj\u00ed<\/div>\n\t\t\t\t\t<div id=\"elementor-tab-content-1946\" class=\"elementor-tab-content elementor-clearfix\" data-tab=\"6\" role=\"tabpanel\" aria-labelledby=\"elementor-tab-title-1946\" tabindex=\"0\" hidden=\"hidden\"><p>Kolib\u0159\u00ed rodina vznikla spojen\u00edm\u00a0<strong>L\u00e1sky, \u00dacty, Symbolu s Velk\u00fdm obdivem a Respektem<\/strong> ke v\u0161em, kte\u0159\u00ed proch\u00e1z\u00ed nelehkouu cestou \u017eivotem. Kolib\u0159\u00ed rodina pom\u00e1h\u00e1 lidem s alopeci\u00ed (vypad\u00e1v\u00e1n\u00edm vlas\u016f)\u00a0 jejich\u017e patronem je symbol <strong>KOLIB\u0158\u00cdK<\/strong>. Pro lidi s alopeci\u00ed po\u0159\u00e1d\u00e1 online i offline setk\u00e1n\u00ed, aktivn\u011b komunikuj\u00ed s alopetickou komunitou a \u0161\u00ed\u0159\u00ed osv\u011btu o t\u00e9to nemoci i skrze p\u0159\u00edb\u011bhy jednotlivc\u016f.<\/p><\/div>\n\t\t\t\t\t\t\t<\/div>\n\t\t<\/div>\n\t\t\t\t\t\t<\/div>\n\t\t\t\t<\/div>\n\t\t\t\t<div class=\"elementor-element elementor-element-77b4ba2 elementor-widget elementor-widget-heading\" data-id=\"77b4ba2\" data-element_type=\"widget\" data-e-type=\"widget\" data-widget_type=\"heading.default\">\n\t\t\t\t<div class=\"elementor-widget-container\">\n\t\t\t\t\t<h2 class=\"elementor-heading-title elementor-size-default\">Dotace<\/h2>\t\t\t\t<\/div>\n\t\t\t\t<\/div>\n\t\t\t\t<div class=\"elementor-element elementor-element-2234ba0 elementor-widget elementor-widget-image\" data-id=\"2234ba0\" data-element_type=\"widget\" data-e-type=\"widget\" data-widget_type=\"image.default\">\n\t\t\t\t<div class=\"elementor-widget-container\">\n\t\t\t\t\t\t\t\t\t\t\t\t\t\t\t<img fetchpriority=\"high\" decoding=\"async\" width=\"1024\" height=\"164\" src=\"https:\/\/global-minded.cz\/wp-content\/uploads\/2024\/07\/image-1024x164.jpeg\" class=\"attachment-large size-large wp-image-2095\" alt=\"\" srcset=\"https:\/\/global-minded.cz\/wp-content\/uploads\/2024\/07\/image-1024x164.jpeg 1024w, https:\/\/global-minded.cz\/wp-content\/uploads\/2024\/07\/image-300x48.jpeg 300w, https:\/\/global-minded.cz\/wp-content\/uploads\/2024\/07\/image-768x123.jpeg 768w, https:\/\/global-minded.cz\/wp-content\/uploads\/2024\/07\/image-870x139.jpeg 870w, https:\/\/global-minded.cz\/wp-content\/uploads\/2024\/07\/image.jpeg 1162w\" sizes=\"(max-width: 1024px) 100vw, 1024px\" \/>\t\t\t\t\t\t\t\t\t\t\t\t\t\t\t<\/div>\n\t\t\t\t<\/div>\n\t\t\t\t<div class=\"elementor-element elementor-element-ef9d42d elementor-widget elementor-widget-heading\" data-id=\"ef9d42d\" data-element_type=\"widget\" data-e-type=\"widget\" data-widget_type=\"heading.default\">\n\t\t\t\t<div class=\"elementor-widget-container\">\n\t\t\t\t\t<h2 class=\"elementor-heading-title elementor-size-default\">Ke sta\u017een\u00ed<\/h2>\t\t\t\t<\/div>\n\t\t\t\t<\/div>\n\t\t\t\t\t<\/div>\n\t\t\t\t<\/div>\n\t\t<div class=\"elementor-element elementor-element-c272c53 e-grid e-con-boxed e-con e-parent\" data-id=\"c272c53\" data-element_type=\"container\" data-e-type=\"container\">\n\t\t\t\t\t<div class=\"e-con-inner\">\n\t\t\t\t<div class=\"elementor-element elementor-element-690e73d elementor-widget elementor-widget-heading\" data-id=\"690e73d\" data-element_type=\"widget\" data-e-type=\"widget\" data-widget_type=\"heading.default\">\n\t\t\t\t<div class=\"elementor-widget-container\">\n\t\t\t\t\t<h2 class=\"elementor-heading-title elementor-size-default\">Projekt \u0160ablony Global Minded V<\/h2>\t\t\t\t<\/div>\n\t\t\t\t<\/div>\n\t\t\t\t<div class=\"elementor-element elementor-element-ad157a8 elementor-align-center elementor-widget elementor-widget-button\" data-id=\"ad157a8\" data-element_type=\"widget\" data-e-type=\"widget\" data-widget_type=\"button.default\">\n\t\t\t\t<div class=\"elementor-widget-container\">\n\t\t\t\t\t\t\t\t\t<div class=\"elementor-button-wrapper\">\n\t\t\t\t\t<a class=\"elementor-button elementor-button-link elementor-size-sm\" href=\"https:\/\/global-minded.cz\/wp-content\/uploads\/2026\/01\/11_ZMS-GlobalM_A3-plakat-publicita-S5.pdf\">\n\t\t\t\t\t\t<span class=\"elementor-button-content-wrapper\">\n\t\t\t\t\t\t\t\t\t<span class=\"elementor-button-text\">Download<\/span>\n\t\t\t\t\t<\/span>\n\t\t\t\t\t<\/a>\n\t\t\t\t<\/div>\n\t\t\t\t\t\t\t\t<\/div>\n\t\t\t\t<\/div>\n\t\t\t\t<div class=\"elementor-element elementor-element-88232d7 elementor-widget elementor-widget-heading\" data-id=\"88232d7\" data-element_type=\"widget\" data-e-type=\"widget\" data-widget_type=\"heading.default\">\n\t\t\t\t<div class=\"elementor-widget-container\">\n\t\t\t\t\t<h2 class=\"elementor-heading-title elementor-size-default\">Projekt \u0160ablony Global Minded IV<\/h2>\t\t\t\t<\/div>\n\t\t\t\t<\/div>\n\t\t\t\t<div class=\"elementor-element elementor-element-bbae622 elementor-align-center elementor-widget elementor-widget-button\" data-id=\"bbae622\" data-element_type=\"widget\" data-e-type=\"widget\" data-widget_type=\"button.default\">\n\t\t\t\t<div class=\"elementor-widget-container\">\n\t\t\t\t\t\t\t\t\t<div class=\"elementor-button-wrapper\">\n\t\t\t\t\t<a class=\"elementor-button elementor-button-link elementor-size-sm\" href=\"https:\/\/global-minded.cz\/wp-content\/uploads\/2026\/01\/34_ZS-Global_A3-plakat-publicita-OPJAK.pdf\">\n\t\t\t\t\t\t<span class=\"elementor-button-content-wrapper\">\n\t\t\t\t\t\t\t\t\t<span class=\"elementor-button-text\">Download<\/span>\n\t\t\t\t\t<\/span>\n\t\t\t\t\t<\/a>\n\t\t\t\t<\/div>\n\t\t\t\t\t\t\t\t<\/div>\n\t\t\t\t<\/div>\n\t\t\t\t<div class=\"elementor-element elementor-element-76a8188 elementor-widget elementor-widget-heading\" data-id=\"76a8188\" data-element_type=\"widget\" data-e-type=\"widget\" data-widget_type=\"heading.default\">\n\t\t\t\t<div class=\"elementor-widget-container\">\n\t\t\t\t\t<h2 class=\"elementor-heading-title elementor-size-default\">Projekt \u0160ablony Global Minded III<\/h2>\t\t\t\t<\/div>\n\t\t\t\t<\/div>\n\t\t\t\t<div class=\"elementor-element elementor-element-cf0e4b4 elementor-align-center elementor-widget elementor-widget-button\" data-id=\"cf0e4b4\" data-element_type=\"widget\" data-e-type=\"widget\" data-widget_type=\"button.default\">\n\t\t\t\t<div class=\"elementor-widget-container\">\n\t\t\t\t\t\t\t\t\t<div class=\"elementor-button-wrapper\">\n\t\t\t\t\t<a class=\"elementor-button elementor-button-link elementor-size-sm\" href=\"https:\/\/global-minded.cz\/wp-content\/uploads\/2026\/01\/SIII_42_ZS-a-MS-Global-Minded-Plakat-A3-Publicita.pdf\">\n\t\t\t\t\t\t<span class=\"elementor-button-content-wrapper\">\n\t\t\t\t\t\t\t\t\t<span class=\"elementor-button-text\">Download<\/span>\n\t\t\t\t\t<\/span>\n\t\t\t\t\t<\/a>\n\t\t\t\t<\/div>\n\t\t\t\t\t\t\t\t<\/div>\n\t\t\t\t<\/div>\n\t\t\t\t\t<\/div>\n\t\t\t\t<\/div>\n\t\t\t\t<\/div>\n\t\t","protected":false},"excerpt":{"rendered":"<p>Pom\u00e1h\u00e1me, proto\u017ee i d\u00edky v\u00e1m m\u016f\u017eeme\u200b Pro rodi\u010de, kte\u0159\u00ed cht\u011bj\u00ed poslat sv\u00e9 d\u00edt\u011b pr\u00e1v\u011b do na\u0161\u00ed \u0161koly, chceme b\u00fdt transparentn\u00ed a rovn\u00ed. Zakl\u00e1d\u00e1me si na tom. Proto zde najdete dota\u010dn\u00ed [&hellip;]<\/p>\n","protected":false},"author":1,"featured_media":0,"parent":0,"menu_order":0,"comment_status":"closed","ping_status":"closed","template":"","meta":{"_acf_changed":false,"inline_featured_image":false,"footnotes":""},"class_list":["post-2093","page","type-page","status-publish","hentry"],"acf":[],"_links":{"self":[{"href":"https:\/\/global-minded.cz\/index.php?rest_route=\/wp\/v2\/pages\/2093","targetHints":{"allow":["GET"]}}],"collection":[{"href":"https:\/\/global-minded.cz\/index.php?rest_route=\/wp\/v2\/pages"}],"about":[{"href":"https:\/\/global-minded.cz\/index.php?rest_route=\/wp\/v2\/types\/page"}],"author":[{"embeddable":true,"href":"https:\/\/global-minded.cz\/index.php?rest_route=\/wp\/v2\/users\/1"}],"replies":[{"embeddable":true,"href":"https:\/\/global-minded.cz\/index.php?rest_route=%2Fwp%2Fv2%2Fcomments&post=2093"}],"version-history":[{"count":74,"href":"https:\/\/global-minded.cz\/index.php?rest_route=\/wp\/v2\/pages\/2093\/revisions"}],"predecessor-version":[{"id":3111,"href":"https:\/\/global-minded.cz\/index.php?rest_route=\/wp\/v2\/pages\/2093\/revisions\/3111"}],"wp:attachment":[{"href":"https:\/\/global-minded.cz\/index.php?rest_route=%2Fwp%2Fv2%2Fmedia&parent=2093"}],"curies":[{"name":"wp","href":"https:\/\/api.w.org\/{rel}","templated":true}]}}