{"id":1006,"date":"2024-02-08T12:58:52","date_gmt":"2024-02-08T11:58:52","guid":{"rendered":"https:\/\/tetty.nelio.cz\/?page_id=1006"},"modified":"2024-10-25T20:06:31","modified_gmt":"2024-10-25T18:06:31","slug":"programs-copy","status":"publish","type":"page","link":"https:\/\/global-minded.cz\/?page_id=1006","title":{"rendered":"Prvn\u00ed stupe\u0148"},"content":{"rendered":"\t\t<div data-elementor-type=\"wp-page\" data-elementor-id=\"1006\" class=\"elementor elementor-1006\" data-elementor-post-type=\"page\">\n\t\t\t\t\t\t<section class=\"elementor-section elementor-top-section elementor-element elementor-element-764264c elementor-section-stretched elementor-section-full_width elementor-section-height-default elementor-section-height-default\" data-id=\"764264c\" data-element_type=\"section\" data-e-type=\"section\" data-settings=\"{&quot;stretch_section&quot;:&quot;section-stretched&quot;}\">\n\t\t\t\t\t\t<div class=\"elementor-container elementor-column-gap-default\">\n\t\t\t\t\t<div class=\"elementor-column elementor-col-100 elementor-top-column elementor-element elementor-element-3c0645a\" data-id=\"3c0645a\" data-element_type=\"column\" data-e-type=\"column\">\n\t\t\t<div class=\"elementor-widget-wrap elementor-element-populated\">\n\t\t\t\t\t\t<div class=\"elementor-element elementor-element-a7f11e1 elementor-widget elementor-widget-advantage2\" data-id=\"a7f11e1\" data-element_type=\"widget\" data-e-type=\"widget\" data-widget_type=\"advantage2.default\">\n\t\t\t\t<div class=\"elementor-widget-container\">\n\t\t\t\t\t        <!-- Begin advantage-list second -->\r\n        <section class=\"mb-xs-60 mb-sm-70 mb-md-90 mb-lg-120\">\r\n            <div class=\"container\">\r\n                <div class=\"row\">\r\n                    <div class=\"col-lg-12\">\r\n                        <div class=\"section-header\">\r\n                            <p class=\"h-sub\">\r\n                                C\u00edle, struktura t\u0159\u00edd, v\u00fdsledky...                            <\/p>\r\n                            <h2>\r\n                                Jak u\u010d\u00edme                            <\/h2>\r\n                            <p>\r\n                                                            <\/p>\r\n                        <\/div>\r\n                        <ol class=\"advantage-list advantage-second\">\r\n                                                                <li>\r\n                                        <div class=\"advantage-block\">\r\n                                            <h5>Z\u00e1\u017eitky<\/h5>\r\n                                            <p>U\u010d\u00edme ve dvou jazyc\u00edch. R\u00e1di vyu\u017e\u00edv\u00e1me tzv. \u010dinnostn\u00ed u\u010den\u00ed. Vzd\u011bl\u00e1v\u00e1me se z\u00e1\u017eitky. D\u011bti nech\u00e1me intuitivn\u011b popsat, na \u010dem pracuj\u00ed a co moment\u00e1ln\u011b pro\u017e\u00edvaj\u00ed. Podstatnou \u010d\u00e1st v\u00fduky tvo\u0159\u00ed v\u00fdlety a akce, o kter\u00fdch d\u011bti samy rozhoduj\u00ed.<\/p>\r\n                                        <\/div>\r\n                                    <\/li>\r\n                                                                        <li>\r\n                                        <div class=\"advantage-block\">\r\n                                            <h5>Samostatnost<\/h5>\r\n                                            <p>Samostatnost je jedn\u00edm z na\u0161ich z\u00e1sadn\u00edch pil\u00ed\u0159\u016f. P\u0159evzet\u00ed zodpov\u011bdnosti za sebe, sv\u00e9 vzd\u011bl\u00e1v\u00e1n\u00ed a sv\u016fj \u017eivot. U\u010d\u00edme v\u011b\u0159it v \u00fasp\u011bch.<\/p>\r\n                                        <\/div>\r\n                                    <\/li>\r\n                                                                        <li>\r\n                                        <div class=\"advantage-block\">\r\n                                            <h5>C\u00edle<\/h5>\r\n                                            <p>Jsme akreditovanou \u0161kolou. Zam\u011b\u0159ujeme se na jazyky a p\u0159\u00edrodn\u00ed v\u011bdy, stejn\u011b jako na v\u00fduku matematiky. A jde n\u00e1m to. Nen\u00ed to ale to jedin\u00e9, na \u010dem ve \u0161kole Global Minded z\u00e1le\u017e\u00ed. <\/p>\r\n                                        <\/div>\r\n                                    <\/li>\r\n                                                                        <li>\r\n                                        <div class=\"advantage-block\">\r\n                                            <h5>Individu\u00e1ln\u00ed p\u0159\u00edstup<\/h5>\r\n                                            <p>M\u00e1me opravdu individu\u00e1ln\u00ed p\u0159\u00edstup k d\u011btem. V\u00edme, co to znamen\u00e1. Nezn\u00e1mkujeme. Potenci\u00e1l ka\u017ed\u00e9ho d\u00edt\u011bte pe\u010dliv\u011b zkoum\u00e1me a n\u00e1sledn\u011b d\u011bl\u00e1me v\u0161e pro to, abychom ho maxim\u00e1ln\u011b naplnili. <\/p>\r\n                                        <\/div>\r\n                                    <\/li>\r\n                                                                        <li>\r\n                                        <div class=\"advantage-block\">\r\n                                            <h5>Konzultace<\/h5>\r\n                                            <p>Ka\u017ed\u00fd m\u011bs\u00edc maj\u00ed rodi\u010de s u\u010diteli online konzultaci. Jen o sv\u00e9m d\u00edt\u011bti. Od vy\u0161\u0161\u00edch t\u0159\u00edd jsou potom d\u011bti samy p\u0159\u00edtomny a feedback je sm\u011b\u0159ov\u00e1n p\u0159\u00edmo k nim.<\/p>\r\n                                        <\/div>\r\n                                    <\/li>\r\n                                                                        <li>\r\n                                        <div class=\"advantage-block\">\r\n                                            <h5>Hybridn\u00ed v\u00fduka<\/h5>\r\n                                            <p>Sou\u010d\u00e1st\u00ed na\u0161eho konceptu je i hybridn\u00ed v\u00fduka. Pokud d\u00edt\u011b nem\u016f\u017ee p\u0159ij\u00edt za kamar\u00e1dy do \u0161koly osobn\u011b, p\u0159ipoj\u00edme ho do vyu\u010dov\u00e1n\u00ed online. <\/p>\r\n                                        <\/div>\r\n                                    <\/li>\r\n                                                            <\/ol>\r\n                    <\/div>\r\n                <\/div>\r\n            <\/div>\r\n        <\/section>\r\n        <!-- End advantage-list second -->\r\n        \t\t\t\t<\/div>\n\t\t\t\t<\/div>\n\t\t\t\t\t<\/div>\n\t\t<\/div>\n\t\t\t\t\t<\/div>\n\t\t<\/section>\n\t\t\t\t<section class=\"elementor-section elementor-top-section elementor-element elementor-element-254637e elementor-section-stretched elementor-section-boxed elementor-section-height-default elementor-section-height-default\" data-id=\"254637e\" data-element_type=\"section\" data-e-type=\"section\" data-settings=\"{&quot;stretch_section&quot;:&quot;section-stretched&quot;}\">\n\t\t\t\t\t\t<div class=\"elementor-container elementor-column-gap-default\">\n\t\t\t\t\t<div class=\"elementor-column elementor-col-100 elementor-top-column elementor-element elementor-element-a0027a9 container\" data-id=\"a0027a9\" data-element_type=\"column\" data-e-type=\"column\">\n\t\t\t<div class=\"elementor-widget-wrap elementor-element-populated\">\n\t\t\t\t\t\t<div class=\"elementor-element elementor-element-ac44463 elementor-widget elementor-widget-html\" data-id=\"ac44463\" data-element_type=\"widget\" data-e-type=\"widget\" data-widget_type=\"html.default\">\n\t\t\t\t<div class=\"elementor-widget-container\">\n\t\t\t\t\t<div class=\"section-header mb-xs-30 mb-md-31\">\n<p class=\"h-sub\">Pohled za oponu.<\/p><h2>Na\u0161e prostory<\/h2>\n<\/div>\t\t\t\t<\/div>\n\t\t\t\t<\/div>\n\t\t\t\t<div class=\"elementor-element elementor-element-ef5941c elementor-widget__width-inherit elementor-widget elementor-widget-text-editor\" data-id=\"ef5941c\" data-element_type=\"widget\" data-e-type=\"widget\" data-widget_type=\"text-editor.default\">\n\t\t\t\t<div class=\"elementor-widget-container\">\n\t\t\t\t\t\t\t\t\t<p>Praha 6. M\u00edsto, kde se <strong>p\u0159\u00edroda<\/strong> snoub\u00ed s\u00a0m\u011bstem. M\u00edsto, kde je zp\u011bv <strong>pt\u00e1k\u016f<\/strong> a \u0161um\u011bn\u00ed <strong>strom\u016f<\/strong> nad na\u0161\u00ed st\u0159echou sp\u00ed\u0161 ne\u017e motory a t\u011b\u017ek\u00e9 stroje. Budova je zvenku nen\u00e1padn\u00e1, uvnit\u0159 je ale <strong>kr\u00e1lovstv\u00ed<\/strong>. To je toti\u017e to podstatn\u00e9 a d\u011bti, kter\u00e9 u\u010d\u00edme, to u\u017e d\u00e1vno v\u011bd\u00ed. \u0160kola je <strong>na\u0161e<\/strong>. N\u00e1s v\u0161ech. Z\u00e1rove\u0148 tak\u00e9, pokud \u0159\u00edk\u00e1me <strong>na\u0161e<\/strong>, tak mysl\u00edme opravdu <strong>na\u0161e<\/strong>. Proto ji chceme neust\u00e1le rozv\u00edjet a starat se o ni. Zdob\u00ed n\u00e1s <strong>exkluzivn\u00ed<\/strong>prost\u0159ed\u00ed, snadn\u00e1 <strong>dostupnost<\/strong> a rodinn\u00e1 atmosf\u00e9ra, kter\u00e1 je c\u00edtit z\u00a0ka\u017ed\u00e9ho kousku domu.\u00a0<\/p><p>Tedy, nen\u00ed to jen d\u016fm. Je to <strong>domov<\/strong>.<\/p>\t\t\t\t\t\t\t\t<\/div>\n\t\t\t\t<\/div>\n\t\t\t\t\t<\/div>\n\t\t<\/div>\n\t\t\t\t\t<\/div>\n\t\t<\/section>\n\t\t<div class=\"elementor-element elementor-element-c050af2 e-flex e-con-boxed e-con e-parent\" data-id=\"c050af2\" data-element_type=\"container\" data-e-type=\"container\">\n\t\t\t\t\t<div class=\"e-con-inner\">\n\t\t\t\t<div class=\"elementor-element elementor-element-66f4eb8 elementor-skin-slideshow elementor-arrows-yes elementor-widget elementor-widget-media-carousel\" data-id=\"66f4eb8\" data-element_type=\"widget\" data-e-type=\"widget\" data-settings=\"{&quot;skin&quot;:&quot;slideshow&quot;,&quot;effect&quot;:&quot;slide&quot;,&quot;show_arrows&quot;:&quot;yes&quot;,&quot;speed&quot;:500,&quot;autoplay&quot;:&quot;yes&quot;,&quot;autoplay_speed&quot;:5000,&quot;loop&quot;:&quot;yes&quot;,&quot;pause_on_hover&quot;:&quot;yes&quot;,&quot;pause_on_interaction&quot;:&quot;yes&quot;,&quot;space_between&quot;:{&quot;unit&quot;:&quot;px&quot;,&quot;size&quot;:10,&quot;sizes&quot;:[]},&quot;space_between_tablet&quot;:{&quot;unit&quot;:&quot;px&quot;,&quot;size&quot;:10,&quot;sizes&quot;:[]},&quot;space_between_mobile&quot;:{&quot;unit&quot;:&quot;px&quot;,&quot;size&quot;:10,&quot;sizes&quot;:[]}}\" data-widget_type=\"media-carousel.default\">\n\t\t\t\t<div class=\"elementor-widget-container\">\n\t\t\t\t\t\t\t\t\t<div class=\"elementor-swiper\">\n\t\t\t\t\t<div class=\"elementor-main-swiper swiper\" role=\"region\" aria-roledescription=\"carousel\" aria-label=\"Slides\">\n\t\t\t\t<div class=\"swiper-wrapper\">\n\t\t\t\t\t\t\t\t\t\t\t<div class=\"swiper-slide\" role=\"group\" aria-roledescription=\"slide\">\n\t\t\t\t\t\t\t\t\t<div class=\"elementor-carousel-image\" role=\"img\" aria-label=\"IMG_8888\" style=\"background-image: url(&#039;https:\/\/global-minded.cz\/wp-content\/uploads\/2024\/09\/IMG_8888.jpg&#039;)\">\n\n\t\t\t\n\t\t\t\t\t<\/div>\n\t\t\t\t\t\t\t\t<\/div>\n\t\t\t\t\t\t\t\t\t\t\t<div class=\"swiper-slide\" role=\"group\" aria-roledescription=\"slide\">\n\t\t\t\t\t\t\t\t\t<div class=\"elementor-carousel-image\" role=\"img\" aria-label=\"IMG_8889\" style=\"background-image: url(&#039;https:\/\/global-minded.cz\/wp-content\/uploads\/2024\/09\/IMG_8889.jpg&#039;)\">\n\n\t\t\t\n\t\t\t\t\t<\/div>\n\t\t\t\t\t\t\t\t<\/div>\n\t\t\t\t\t\t\t\t\t\t\t<div class=\"swiper-slide\" role=\"group\" aria-roledescription=\"slide\">\n\t\t\t\t\t\t\t\t\t<div class=\"elementor-carousel-image\" role=\"img\" aria-label=\"IMG_8886\" style=\"background-image: url(&#039;https:\/\/global-minded.cz\/wp-content\/uploads\/2024\/09\/IMG_8886.jpg&#039;)\">\n\n\t\t\t\n\t\t\t\t\t<\/div>\n\t\t\t\t\t\t\t\t<\/div>\n\t\t\t\t\t\t\t\t\t\t\t<div class=\"swiper-slide\" role=\"group\" aria-roledescription=\"slide\">\n\t\t\t\t\t\t\t\t\t<div class=\"elementor-carousel-image\" role=\"img\" aria-label=\"IMG_8884\" style=\"background-image: url(&#039;https:\/\/global-minded.cz\/wp-content\/uploads\/2024\/09\/IMG_8884.jpg&#039;)\">\n\n\t\t\t\n\t\t\t\t\t<\/div>\n\t\t\t\t\t\t\t\t<\/div>\n\t\t\t\t\t\t\t\t\t\t\t<div class=\"swiper-slide\" role=\"group\" aria-roledescription=\"slide\">\n\t\t\t\t\t\t\t\t\t<div class=\"elementor-carousel-image\" role=\"img\" aria-label=\"IMG_8883\" style=\"background-image: url(&#039;https:\/\/global-minded.cz\/wp-content\/uploads\/2024\/09\/IMG_8883.jpg&#039;)\">\n\n\t\t\t\n\t\t\t\t\t<\/div>\n\t\t\t\t\t\t\t\t<\/div>\n\t\t\t\t\t\t\t\t\t\t\t<div class=\"swiper-slide\" role=\"group\" aria-roledescription=\"slide\">\n\t\t\t\t\t\t\t\t\t<div class=\"elementor-carousel-image\" role=\"img\" aria-label=\"IMG_8882\" style=\"background-image: url(&#039;https:\/\/global-minded.cz\/wp-content\/uploads\/2024\/09\/IMG_8882.jpg&#039;)\">\n\n\t\t\t\n\t\t\t\t\t<\/div>\n\t\t\t\t\t\t\t\t<\/div>\n\t\t\t\t\t\t\t\t\t\t\t<div class=\"swiper-slide\" role=\"group\" aria-roledescription=\"slide\">\n\t\t\t\t\t\t\t\t\t<div class=\"elementor-carousel-image\" role=\"img\" aria-label=\"IMG_8879\" style=\"background-image: url(&#039;https:\/\/global-minded.cz\/wp-content\/uploads\/2024\/09\/IMG_8879.jpg&#039;)\">\n\n\t\t\t\n\t\t\t\t\t<\/div>\n\t\t\t\t\t\t\t\t<\/div>\n\t\t\t\t\t\t\t\t\t\t\t<div class=\"swiper-slide\" role=\"group\" aria-roledescription=\"slide\">\n\t\t\t\t\t\t\t\t\t<div class=\"elementor-carousel-image\" role=\"img\" aria-label=\"IMG_8878\" style=\"background-image: url(&#039;https:\/\/global-minded.cz\/wp-content\/uploads\/2024\/09\/IMG_8878.jpg&#039;)\">\n\n\t\t\t\n\t\t\t\t\t<\/div>\n\t\t\t\t\t\t\t\t<\/div>\n\t\t\t\t\t\t\t\t\t<\/div>\n\t\t\t\t\t\t\t\t\t\t\t\t\t\t\t<div class=\"elementor-swiper-button elementor-swiper-button-prev\" role=\"button\" tabindex=\"0\" aria-label=\"Previous\">\n\t\t\t\t\t\t\t<svg aria-hidden=\"true\" class=\"e-font-icon-svg e-eicon-chevron-left\" viewBox=\"0 0 1000 1000\" xmlns=\"http:\/\/www.w3.org\/2000\/svg\"><path d=\"M646 125C629 125 613 133 604 142L308 442C296 454 292 471 292 487 292 504 296 521 308 533L604 854C617 867 629 875 646 875 663 875 679 871 692 858 704 846 713 829 713 812 713 796 708 779 692 767L438 487 692 225C700 217 708 204 708 187 708 171 704 154 692 142 675 129 663 125 646 125Z\"><\/path><\/svg>\t\t\t\t\t\t<\/div>\n\t\t\t\t\t\t<div class=\"elementor-swiper-button elementor-swiper-button-next\" role=\"button\" tabindex=\"0\" aria-label=\"Next\">\n\t\t\t\t\t\t\t<svg aria-hidden=\"true\" class=\"e-font-icon-svg e-eicon-chevron-right\" viewBox=\"0 0 1000 1000\" xmlns=\"http:\/\/www.w3.org\/2000\/svg\"><path d=\"M696 533C708 521 713 504 713 487 713 471 708 454 696 446L400 146C388 133 375 125 354 125 338 125 325 129 313 142 300 154 292 171 292 187 292 204 296 221 308 233L563 492 304 771C292 783 288 800 288 817 288 833 296 850 308 863 321 871 338 875 354 875 371 875 388 867 400 854L696 533Z\"><\/path><\/svg>\t\t\t\t\t\t<\/div>\n\t\t\t\t\t\t\t\t\t\t\t\t\t\t\t\t\t<\/div>\n\t\t\t\t<\/div>\n\t\t\t\t\t\t\t\t<div class=\"elementor-swiper\">\n\t\t\t\t\t<div class=\"elementor-main-swiper swiper elementor-thumbnails-swiper swiper\" role=\"region region\" aria-roledescription=\"carousel carousel\" aria-label=\"Slides Slides\">\n\t\t\t\t<div class=\"swiper-wrapper\">\n\t\t\t\t\t\t\t\t\t\t\t<div class=\"swiper-slide\" role=\"group\" aria-roledescription=\"slide\">\n\t\t\t\t\t\t\t\t\t<div class=\"elementor-carousel-image\" role=\"img\" aria-label=\"IMG_8888\" style=\"background-image: url(&#039;https:\/\/global-minded.cz\/wp-content\/uploads\/2024\/09\/IMG_8888.jpg&#039;)\">\n\n\t\t\t\n\t\t\t\t\t<\/div>\n\t\t\t\t\t\t\t\t<\/div>\n\t\t\t\t\t\t\t\t\t\t\t<div class=\"swiper-slide\" role=\"group\" aria-roledescription=\"slide\">\n\t\t\t\t\t\t\t\t\t<div class=\"elementor-carousel-image\" role=\"img\" aria-label=\"IMG_8889\" style=\"background-image: url(&#039;https:\/\/global-minded.cz\/wp-content\/uploads\/2024\/09\/IMG_8889.jpg&#039;)\">\n\n\t\t\t\n\t\t\t\t\t<\/div>\n\t\t\t\t\t\t\t\t<\/div>\n\t\t\t\t\t\t\t\t\t\t\t<div class=\"swiper-slide\" role=\"group\" aria-roledescription=\"slide\">\n\t\t\t\t\t\t\t\t\t<div class=\"elementor-carousel-image\" role=\"img\" aria-label=\"IMG_8886\" style=\"background-image: url(&#039;https:\/\/global-minded.cz\/wp-content\/uploads\/2024\/09\/IMG_8886.jpg&#039;)\">\n\n\t\t\t\n\t\t\t\t\t<\/div>\n\t\t\t\t\t\t\t\t<\/div>\n\t\t\t\t\t\t\t\t\t\t\t<div class=\"swiper-slide\" role=\"group\" aria-roledescription=\"slide\">\n\t\t\t\t\t\t\t\t\t<div class=\"elementor-carousel-image\" role=\"img\" aria-label=\"IMG_8884\" style=\"background-image: url(&#039;https:\/\/global-minded.cz\/wp-content\/uploads\/2024\/09\/IMG_8884.jpg&#039;)\">\n\n\t\t\t\n\t\t\t\t\t<\/div>\n\t\t\t\t\t\t\t\t<\/div>\n\t\t\t\t\t\t\t\t\t\t\t<div class=\"swiper-slide\" role=\"group\" aria-roledescription=\"slide\">\n\t\t\t\t\t\t\t\t\t<div class=\"elementor-carousel-image\" role=\"img\" aria-label=\"IMG_8883\" style=\"background-image: url(&#039;https:\/\/global-minded.cz\/wp-content\/uploads\/2024\/09\/IMG_8883.jpg&#039;)\">\n\n\t\t\t\n\t\t\t\t\t<\/div>\n\t\t\t\t\t\t\t\t<\/div>\n\t\t\t\t\t\t\t\t\t\t\t<div class=\"swiper-slide\" role=\"group\" aria-roledescription=\"slide\">\n\t\t\t\t\t\t\t\t\t<div class=\"elementor-carousel-image\" role=\"img\" aria-label=\"IMG_8882\" style=\"background-image: url(&#039;https:\/\/global-minded.cz\/wp-content\/uploads\/2024\/09\/IMG_8882.jpg&#039;)\">\n\n\t\t\t\n\t\t\t\t\t<\/div>\n\t\t\t\t\t\t\t\t<\/div>\n\t\t\t\t\t\t\t\t\t\t\t<div class=\"swiper-slide\" role=\"group\" aria-roledescription=\"slide\">\n\t\t\t\t\t\t\t\t\t<div class=\"elementor-carousel-image\" role=\"img\" aria-label=\"IMG_8879\" style=\"background-image: url(&#039;https:\/\/global-minded.cz\/wp-content\/uploads\/2024\/09\/IMG_8879.jpg&#039;)\">\n\n\t\t\t\n\t\t\t\t\t<\/div>\n\t\t\t\t\t\t\t\t<\/div>\n\t\t\t\t\t\t\t\t\t\t\t<div class=\"swiper-slide\" role=\"group\" aria-roledescription=\"slide\">\n\t\t\t\t\t\t\t\t\t<div class=\"elementor-carousel-image\" role=\"img\" aria-label=\"IMG_8878\" style=\"background-image: url(&#039;https:\/\/global-minded.cz\/wp-content\/uploads\/2024\/09\/IMG_8878.jpg&#039;)\">\n\n\t\t\t\n\t\t\t\t\t<\/div>\n\t\t\t\t\t\t\t\t<\/div>\n\t\t\t\t\t\t\t\t\t<\/div>\n\t\t\t\t\t\t\t\t\t\t\t\t\t\t\t\t\t\t\t\t\t<\/div>\n\t\t\t\t<\/div>\n\t\t\t\t\t\t\t\t<\/div>\n\t\t\t\t<\/div>\n\t\t\t\t\t<\/div>\n\t\t\t\t<\/div>\n\t\t\t\t<section class=\"elementor-section elementor-top-section elementor-element elementor-element-a533895 elementor-section-stretched elementor-section-boxed elementor-section-height-default elementor-section-height-default\" data-id=\"a533895\" data-element_type=\"section\" data-e-type=\"section\" data-settings=\"{&quot;stretch_section&quot;:&quot;section-stretched&quot;}\">\n\t\t\t\t\t\t<div class=\"elementor-container elementor-column-gap-no\">\n\t\t\t\t\t<div class=\"elementor-column elementor-col-100 elementor-top-column elementor-element elementor-element-ce2a2d2\" data-id=\"ce2a2d2\" data-element_type=\"column\" data-e-type=\"column\">\n\t\t\t<div class=\"elementor-widget-wrap elementor-element-populated\">\n\t\t\t\t\t\t<div class=\"elementor-element elementor-element-704beb9 elementor-widget elementor-widget-html\" data-id=\"704beb9\" data-element_type=\"widget\" data-e-type=\"widget\" data-widget_type=\"html.default\">\n\t\t\t\t<div class=\"elementor-widget-container\">\n\t\t\t\t\t<div class=\"section-header mb-xs-30 mb-md-31\">\n<p class=\"h-sub\">Od r\u00e1na do odpoledne<\/p><h2>Re\u017eim dne v  Global Minded<\/h2>\n<\/div>\t\t\t\t<\/div>\n\t\t\t\t<\/div>\n\t\t\t\t<div class=\"elementor-element elementor-element-cc536ff elementor-hidden-mobile elementor-widget elementor-widget-text-editor\" data-id=\"cc536ff\" data-element_type=\"widget\" data-e-type=\"widget\" data-widget_type=\"text-editor.default\">\n\t\t\t\t<div class=\"elementor-widget-container\">\n\t\t\t\t\t\t\t\t\t<div class=\"table-wrap\"><table class=\"adaptive mb-0\"><thead><tr><td>OD &#8211; DO<\/td><td>N\u00e1pl\u0148<\/td><\/tr><\/thead><tbody><tr><td>7:30 &#8211; 8:40<\/td><td>Rann\u00ed dru\u017eina<\/td><\/tr><tr><td>8:30 &#8211; 10:00<\/td><td>1. v\u00fdukov\u00fd blok<\/td><\/tr><tr><td>10:00 &#8211; 10:30<\/td><td>Sva\u010dina<\/td><\/tr><tr><td>10:30 &#8211; 12:00<\/td><td>2. v\u00fdukov\u00fd blok<\/td><\/tr><tr><td>12:00 &#8211; 13:00<\/td><td>\u00a0Ob\u011bd a relaxace<\/td><\/tr><tr><td>13:00 &#8211; 14:30<\/td><td>3. v\u00fdukov\u00fd blok<\/td><\/tr><tr><td>14:30 &#8211; 17:00<\/td><td>Odpoledn\u00ed dru\u017eina<\/td><\/tr><\/tbody><\/table><\/div>\t\t\t\t\t\t\t\t<\/div>\n\t\t\t\t<\/div>\n\t\t\t\t<div class=\"elementor-element elementor-element-fad7660 elementor-widget__width-inherit elementor-hidden-desktop elementor-hidden-tablet elementor-widget elementor-widget-text-editor\" data-id=\"fad7660\" data-element_type=\"widget\" data-e-type=\"widget\" data-widget_type=\"text-editor.default\">\n\t\t\t\t<div class=\"elementor-widget-container\">\n\t\t\t\t\t\t\t\t\t<table><thead style=\"text-align: center;\"><tr style=\"text-align: center;\"><th>\u00a0<\/th><\/tr><\/thead><tbody><tr><td style=\"text-align: center;\">7:30 &#8211; 8:40<br \/><br \/>Rann\u00ed dru\u017eina<\/td><\/tr><tr><td style=\"text-align: center;\">8:30 &#8211; 10:00<br \/><br \/>1. v\u00fdukov\u00fd blok<\/td><\/tr><tr><td style=\"text-align: center;\">10:00 &#8211; 10:30<br \/><br \/>Sva\u010dina<\/td><\/tr><tr><td style=\"text-align: center;\">10:30 &#8211; 12:00<br \/><br \/>2. v\u00fdukov\u00fd blok<\/td><\/tr><tr><td style=\"text-align: center;\">12:00 &#8211; 13:00<br \/><br \/>Ob\u011bd a relaxace<\/td><\/tr><tr><td style=\"text-align: center;\">13:00 &#8211; 14:30<br \/><br \/>3. v\u00fdukov\u00fd blok<\/td><\/tr><tr><td style=\"text-align: center;\">14:30 &#8211; 17:00<br \/><br \/>Odpoledn\u00ed dru\u017eina<\/td><\/tr><\/tbody><\/table>\t\t\t\t\t\t\t\t<\/div>\n\t\t\t\t<\/div>\n\t\t\t\t\t<\/div>\n\t\t<\/div>\n\t\t\t\t\t<\/div>\n\t\t<\/section>\n\t\t\t\t<\/div>\n\t\t","protected":false},"excerpt":{"rendered":"<p>C\u00edle, struktura t\u0159\u00edd, v\u00fdsledky&#8230; Jak u\u010d\u00edme Z\u00e1\u017eitky U\u010d\u00edme ve dvou jazyc\u00edch. R\u00e1di vyu\u017e\u00edv\u00e1me tzv. \u010dinnostn\u00ed u\u010den\u00ed. Vzd\u011bl\u00e1v\u00e1me se z\u00e1\u017eitky. D\u011bti nech\u00e1me intuitivn\u011b popsat, na \u010dem pracuj\u00ed a co moment\u00e1ln\u011b pro\u017e\u00edvaj\u00ed. [&hellip;]<\/p>\n","protected":false},"author":1,"featured_media":0,"parent":0,"menu_order":0,"comment_status":"closed","ping_status":"closed","template":"","meta":{"_acf_changed":false,"inline_featured_image":false,"footnotes":""},"class_list":["post-1006","page","type-page","status-publish","hentry"],"acf":[],"_links":{"self":[{"href":"https:\/\/global-minded.cz\/index.php?rest_route=\/wp\/v2\/pages\/1006","targetHints":{"allow":["GET"]}}],"collection":[{"href":"https:\/\/global-minded.cz\/index.php?rest_route=\/wp\/v2\/pages"}],"about":[{"href":"https:\/\/global-minded.cz\/index.php?rest_route=\/wp\/v2\/types\/page"}],"author":[{"embeddable":true,"href":"https:\/\/global-minded.cz\/index.php?rest_route=\/wp\/v2\/users\/1"}],"replies":[{"embeddable":true,"href":"https:\/\/global-minded.cz\/index.php?rest_route=%2Fwp%2Fv2%2Fcomments&post=1006"}],"version-history":[{"count":217,"href":"https:\/\/global-minded.cz\/index.php?rest_route=\/wp\/v2\/pages\/1006\/revisions"}],"predecessor-version":[{"id":2895,"href":"https:\/\/global-minded.cz\/index.php?rest_route=\/wp\/v2\/pages\/1006\/revisions\/2895"}],"wp:attachment":[{"href":"https:\/\/global-minded.cz\/index.php?rest_route=%2Fwp%2Fv2%2Fmedia&parent=1006"}],"curies":[{"name":"wp","href":"https:\/\/api.w.org\/{rel}","templated":true}]}}